is the tens digit of q(-2)?
7
Let i(q) = q**3 + 4*q**2 + 4*q + 5. Let l be i(-3). Suppose 18 = -l*y + 108. Let w = 17 + y. What is the tens digit of w?
6
Let b be (31/(-2))/(1/(-2)). Suppose 0*v + 16 = 2*v + 2*l, -5*l + b = 2*v. What is the units digit of v?
3
Let v(u) = u**3 + 8*u**2 + 5. Let c be v(-8). Suppose l + c*l = 450. What is the units digit of l?
5
Let i be (-19 + 16)/((-3)/(-2)). What is the tens digit of (-6)/i - (-52 - -1)?
5
Suppose 9*s = 1204 + 1739. What is the tens digit of s?
2
Let p(r) = -r - 23. Let m be p(-7). Let f = -4 - m. Let d = f + 16. What is the tens digit of d?
2
Let x(d) = -2*d**2 + 20*d + 9. Let g(p) = p**2 + 3*p - 1. Let a be g(2). What is the tens digit of x(a)?
2
What is the tens digit of -18*((3 - 0)/(-6) + -91)?
4
Let q(z) = 5*z - 25. Let x be q(6). Suppose 0*c - x*l + 218 = 2*c, -c - 2*l + 109 = 0. What is the tens digit of c?
0
Let i(x) = -24*x - 51. Let j(r) = 5*r + 10. Let a(t) = -4*i(t) - 21*j(t). Let u be -2 + 2 + -3 + -1. What is the units digit of a(u)?
0
Suppose -1624 = -4*k - 3*k. Let f = k + -98. What is the units digit of f?
4
Let x be ((24 + 6)/(-6))/((-1)/17). What is the tens digit of 4182/x*(-10)/(-4)?
2
Let j(c) = -3*c**3 + 40*c**2 + 51*c + 29. What is the units digit of j(13)?
1
Let v = -20 + 20. Suppose 5*c - 8*c + 33 = v. Suppose 0 = -13*s + c*s + 62. What is the units digit of s?
1
Let u(d) = -d**3 - 9*d**2 - 3*d + 1. Let w be u(-8). Let l = 66 + w. Suppose -25*x - 84 = -l*x. What is the tens digit of x?
4
Let f(k) = 3*k**3 - 12*k**2 - 3*k - 18. What is the tens digit of f(11)?
9
Suppose 2*r - 514 - 142 = -c, r = 4*c + 328. What is the hundreds digit of r?
3
Suppose -4*r + 19871 = r - 2*j, -3*j - 15901 = -4*r. What is the hundreds digit of r?
9
Let x = -17 + 29. Suppose -8 - x = -4*g - 2*d, -20 = -2*g + 4*d. Suppose a = g*a - 145. What is the tens digit of a?
2
Let u be (3/(-5))/(11/(-55)). Suppose 0 = 4*t + 4*o - 16, -u*t - 2*o + 7 = -5. Suppose 4*a + 2*c - 70 = 0, 2*c = 3*a + t - 60. What is the tens digit of a?
1
Let i be (0 - 3 - -4) + 2. Let z(s) = 7*s + 0*s**2 + s**2 - i*s - 6*s. What is the units digit of z(7)?
5
What is the hundreds digit of 9741/(-102)*(-1 + -9)?
9
Let a(j) = -1. Let l(b) = 31*b + 93. Let h(i) = 186*a(i) + 2*l(i). What is the tens digit of h(1)?
6
Let g(u) be the first derivative of -u**4/4 - 5*u**3/3 - 2*u**2 - 2*u - 11. What is the tens digit of g(-5)?
1
What is the hundreds digit of (-1 - 21/(-19)) + (-6518084)/(-7391)?
8
Let j = 59 - 23. What is the units digit of ((-8*j)/4)/(-1)?
2
Let o be 9/11 - (-2)/11. Let m be (o + 2/(-4))*-2. What is the tens digit of m - ((-6)/2 - 13)?
1
What is the hundreds digit of (4 + 0)/(2 + (-902)/452)?
9
Suppose 22 = 2*d + 3*z, -d + 5*d - 44 = 4*z. Let p be 167/d - 4/22. What is the units digit of p - ((-3)/3 + 3)?
3
Suppose 0 = 64*p - 17*p - 158813. What is the thousands digit of p?
3
Let g = -2086 - -2330. What is the tens digit of g?
4
Let k = -18 - -25. Suppose -80 = -5*m - 2*w, -5*m + 80 = -k*w + 3*w. What is the tens digit of m?
1
Suppose -b + 5*h + 42 = 2*h, 2*b - 90 = 4*h. What is the units digit of b?
1
Let z be 12/3 + 2 + -1. Let i be -1*0*z/10. Suppose i = -34*c + 37*c - 9. What is the units digit of c?
3
Suppose -2*u + 640 = -950. What is the hundreds digit of u?
7
Suppose 4*a = 8 + 8, 4*p - 5*a - 13760 = 0. What is the hundreds digit of p?
4
Suppose b = 3*h - 10, -2*b = 1 + 7. Let f be 1 - (0 + 2 + -1). Suppose f = w - h*w + 26. What is the tens digit of w?
2
Suppose -a + 1934 = 4*z, 0 = -3*a + 29*z - 24*z + 5853. What is the thousands digit of a?
1
Let k(b) = -4*b**3 - 5*b**2 - 7*b + 1. Let x = -75 - -72. What is the units digit of k(x)?
5
Let p(f) = -f - 6. Let z be 1 - (3 - -2*4). Let n be p(z). Suppose 0 = -n*y - 3*l + 54, -4*y + 5*l + 42 = 4. What is the units digit of y?
2
Let j = -31 - -51. Suppose -1 = c - 2*f, -5*c - 4*f = -c - j. Suppose -2*t + 167 = c*t + z, 3*z - 105 = -3*t. What is the tens digit of t?
3
Suppose 0 = 4*m - 15548 - 1504. What is the thousands digit of m?
4
Let m be 28*(19/4 + -3). Suppose -f + 0*f = -z + m, -79 = -z - 5*f. What is the units digit of z?
4
Let a = 2839 + -576. What is the hundreds digit of a?
2
Let x = -65 + 104. Let w = x - -37. What is the units digit of w?
6
Let s(y) = y + 2. Let l(j) = 21*j - 20. Let w(b) = l(b) - s(b). What is the tens digit of w(10)?
7
Let p be (-36)/(-27)*((-24 - -2) + -2). Let i be (2/(-4) + 0)*-114. Let u = i + p. What is the units digit of u?
5
Let k(n) = n + 31. Let w = 4 + -4. Let m be k(w). Suppose -4*l + 3*b - 8*b = -142, l - b = m. What is the units digit of l?
3
Let q = 124 - 86. Let b be 2*(1 - q) - 0. Let u = -50 - b. What is the units digit of u?
4
Let z(o) = o**3 + o**2 + o + 20. Let f be z(0). Suppose r + r = -f. What is the units digit of r/(-5) - (-4 + -2)?
8
Let t = -130 + 130. Suppose 0 = -4*j - 4*m + 432, 5*m = -t*j + j - 102. What is the hundreds digit of j?
1
Let b = -2049 + 2934. What is the hundreds digit of b?
8
Suppose -8*a + 226 = -46. What is the tens digit of a?
3
Let p(f) = -f**3 + 9*f**2 + 36*f + 3. Let i be p(12). Suppose -r - i*h = -135, 0 = -0*r - 3*r + h + 425. What is the hundreds digit of r?
1
Suppose 1278 + 459 = g. What is the thousands digit of g?
1
Suppose 1384 - 3913 = -9*y. Let a = -59 + y. What is the units digit of a?
2
Let k = -146 + 86. Let t = k - -34. What is the units digit of (-9)/9 + t/(-2)?
2
Let l(v) = -v + 10. Suppose -2*g = -2*p + 22, -5*p - 80 = -2*g + 6*g. Let a(s) = -s**3 - 15*s**2 - 2*s - 21. Let o be a(g). What is the units digit of l(o)?
1
Suppose 2*d - 6*d = -20. Suppose -r = -0*r, 5*r = -d*g + 645. What is the units digit of g?
9
Suppose 2*q + 1661 - 236 = g, 5721 = 4*g - q. What is the hundreds digit of g?
4
Let r = 7216 + -4982. What is the hundreds digit of r?
2
Suppose -500*o = -497*o - 783. What is the hundreds digit of o?
2
Suppose -4*l = -5*p - 5978, -5*l + 118*p = 113*p - 7475. What is the units digit of l?
7
Suppose -3*j - 3*j + 30 = 0. Let w(a) = 22*a + 20. What is the tens digit of w(j)?
3
Let q = 8 + 153. Let l = -61 + q. What is the units digit of l?
0
Let j be -4 + 3/(1 + 2). Let v be (j - -1) + (-300)/(-10). Let z = 54 - v. What is the units digit of z?
6
Suppose -h + 3*b - 12 = 2*h, 12 = 3*b. Suppose h*c + 40 = 2*c. What is the tens digit of c?
2
Suppose -5*m - 2*h - 176 = 0, -4*m + 2*h = -25 + 173. Let n = m + 39. What is the units digit of n?
3
Suppose 8 = u + 6. Suppose -u*j = -0*j - 260. Suppose 10*w - 5*w - j = 0. What is the units digit of w?
6
What is the hundreds digit of (-1489)/((-4)/4)*6/3?
9
Suppose -4*c + 2402 = -2*q, -6*c + c + 5*q = -3000. What is the units digit of c?
1
Suppose 0 = -2*r + 5*r - 684. Suppose 0*o = 2*o + 8, r = 3*a + 3*o. Suppose 0 = -6*g + 2*g + a. What is the units digit of g?
0
Let j(v) = v**3 + 19*v**2 + 17*v - 16. Let n be j(-18). Suppose n*o + 4*o = 18. What is the units digit of o?
3
Let r = -1005 + 1680. What is the tens digit of r?
7
Let z(u) = 2*u**2 - 24*u + 18. Suppose -4 - 12 = -p. What is the hundreds digit of z(p)?
1
Suppose -158*k = -161*k + 4110. What is the thousands digit of k?
1
Let f(q) = -q**2 + 49*q + 80. What is the units digit of f(49)?
0
Let b = -6 - -5. Let m = 8 - b. Suppose 0 = -8*a + m*a - 16. What is the units digit of a?
6
Let f(n) = 2*n - 5. Let a be f(9). Suppose -a + 709 = 6*h. What is the tens digit of h?
1
Let y(h) = 2*h - 7. Let t(j) = -j**2 - j - 1. Let k(x) = -2*x**2 - 12*x + 4. Let v(i) = -k(i) + 3*t(i). Let g be v(7). What is the units digit of y(g)?
7
Let b(d) = -d**3 + 3*d**2 + 3*d + 7. Let m be b(4). Suppose 0*s + 217 = m*s + 2*z, -z = -5*s + 353. What is the units digit of s?
1
What is the units digit of (54/15 + -4)/((-2)/9530)?
6
Let o(y) = 6*y + 13. Let a(t) = t**2 + 6*t - 6. Let f be a(-8). Let c be o(f). Let z = c + -50. What is the tens digit of z?
2
Let u(x) = x**2 + 19*x + 21. Let o be u(-7). Let p = 160 + o. What is the tens digit of p?
9
Let i(l) = 2*l**3 + l**2 - 1. Let h be i(-1). Let j = 16 - h. What is the units digit of j?
8
Let z(w) be the second derivative of -4*w**3/3 - 9*w**2 - 13*w. What is the units digit of z(-8)?
6
Let d be ((-11)/22)/(1/(-24)). Let t = 5 - d. Let y = 12 + t. What is the units digit of y?
5
Suppose 474 = z + 3*k - 517, 5*k + 1960 = 2*z. What is the 